hat is the highest common factor of 35 and m?
7
Let b = -4 - -4. Suppose 0 = -b*c + 5*c - 140. Let k = -74 + 88. Calculate the highest common factor of c and k.
14
Suppose 3*h - 2*h = 112. Let c(r) = r**2 + 52*r + 401. Let w be c(-9). Calculate the greatest common divisor of w and h.
14
Suppose 0 = -7*z + 2*z - 100. Let n be 0 + z - 15/5. Let l = n - -37. Calculate the highest common factor of 14 and l.
14
Suppose 4*b - 8 = -0*b. Suppose 25 = m + 3*i, -2*m = 3*m + b*i - 190. What is the highest common divisor of 4 and m?
4
Suppose 0 = -5*b - 2*k - k + 409, b + k - 83 = 0. Let u(p) = -p**3 - 24*p**2 + 49*p - 68. Let l be u(-26). What is the greatest common factor of l and b?
10
Let v = 3 - -63. Suppose 0 = -2*c + v - 14. What is the greatest common divisor of c and 13?
13
Let b(a) = 8*a**2 - 60. Let z be b(-5). What is the greatest common divisor of z and 100?
20
Suppose 9 = 4*o - 15. Suppose 2*f = -o + 12. What is the highest common factor of f and 4?
1
Let j(z) = 2*z**2 + 5*z. Suppose 5*t + 3*m = -22, -19 = 3*t - 2*m - 2. Let o be j(t). Calculate the highest common divisor of 200 and o.
25
Let q be (-1539)/63 - 3/(-7). Let c be 3/7 - q/(-56) - -210. Calculate the greatest common divisor of 42 and c.
42
Suppose -2*p = -5*o - 434, 3*o = -p - 19 + 214. Calculate the highest common divisor of 9 and p.
9
Let v = -526 + 2049. Suppose -3*m = -g + 590, 5*g - 1427 = 5*m + v. What is the greatest common divisor of g and 59?
59
Suppose l - 3*p + 4*p = -36, 0 = p. Let v be (2 - 0)/((-8)/l). Calculate the greatest common divisor of 36 and v.
9
Suppose 2*x + 3*b - 222 = 0, 46*x + b + 538 = 51*x. Calculate the greatest common divisor of 24 and x.
12
Let z = -2771 - -2775. What is the highest common factor of 836 and z?
4
Suppose -2*z + 2 = -0. Let y(d) = 5 + d + z - 8. Let h be y(4). Calculate the highest common factor of 2 and h.
2
Suppose 14*b - 60 = 80. Calculate the highest common factor of 115 and b.
5
Let p = -1053 + 1071. Suppose -3*q + 27 = -0*q. Calculate the greatest common factor of q and p.
9
Let o(x) = -x**3 + 15*x**2 - 14*x + 3. Let b be o(14). Suppose -b*c + 9 = 3. What is the highest common factor of c and 2?
2
Let z(w) = -w**3 + 8*w**2 - 1. Let a be z(8). Let y be 4/(-3 + a)*1*-9. Calculate the greatest common factor of 135 and y.
9
Let c be (-552)/92 - (0 - 58). What is the greatest common divisor of 28 and c?
4
Let y(c) = -5*c + 67. Let o be y(6). Calculate the highest common divisor of o and 1147.
37
Suppose 0 = n - 4 - 15. Let w be 1043/11 - (-4)/22. What is the greatest common divisor of w and n?
19
Let y(w) = -228*w - 3. Suppose 0*k - k - 2 = 0. Let u be y(k). Suppose -u + 78 = -5*n. Calculate the greatest common factor of 15 and n.
15
Let g(v) = -v**2 - 18*v - 43. Let h be g(-3). Calculate the highest common divisor of h and 5.
1
Let h be 8004/322 - (-2)/14. Calculate the highest common divisor of h and 55.
5
Let n be 2*(2 + -17)*6/(-18). Calculate the greatest common divisor of n and 60.
10
Let g(s) = 4*s**3 + 2*s**2 - s - 2. Let f be g(2). Let p = 237 - 219. What is the highest common divisor of f and p?
18
Let t be 3/((-18)/368)*(-9)/6. Calculate the greatest common factor of t and 115.
23
Suppose 4*j = l + 18, -4*l + 5*j - 21 = -4. Let x(f) = 10*f - f**2 - 4*f**2 - 3*f + 4*f**l. Let n be x(5). What is the highest common divisor of n and 30?
10
Let u(g) = -g**2 - 60*g + 546. Let x be u(8). Let m(h) = 4*h**3 + 2*h - 1. Let a be m(1). Calculate the greatest common divisor of a and x.
1
Suppose -2*d + 18 = 4*d. Suppose -d*y - 2*y = -95. What is the greatest common factor of y and 171?
19
Let c = -951 - -1081. What is the greatest common factor of 845 and c?
65
Suppose -y = 2*y + 6. Let v be (-2 + y)/(-2) - -70. Suppose v = -0*l + 2*l. What is the highest common divisor of l and 4?
4
Suppose 3*d - 35 + 26 = 0. Suppose -54 = -5*j + 4*v + 44, -60 = -3*j + d*v. Calculate the greatest common factor of j and 6.
6
Let j = 83 + -58. Let c be 377/5 - (-70)/(-175). What is the greatest common factor of c and j?
25
Suppose -h = -4*d + 574, -292 = -2*d + 22*h - 24*h. Calculate the highest common divisor of d and 27.
9
Suppose 408 = 48*o - 44*o. Let w be (-4)/(-1)*(22 + 10). Let q = w + -60. Calculate the highest common divisor of q and o.
34
Let q(i) = 3*i - 14. Let k be q(6). Suppose -3*t = -k*t + 33. Calculate the greatest common factor of 11 and t.
11
Let s be (-1 - (-1)/5)/((-2)/5). Suppose -6 - 18 = -s*y. Suppose -q + 3*m = -60, 0 = q + m + m - 60. What is the highest common divisor of y and q?
12
Let r be ((-264)/40)/(1/(-5)) - -6. Let a be 4/(-2) + (-394)/(-2). Calculate the highest common divisor of a and r.
39
Let r(z) = 2*z**2 + 3*z + 4. Let y be r(-3). Suppose -2*a - 2*q - 50 = 2*a, 2*q - 10 = a. Let g = a + y. What is the highest common factor of 3 and g?
1
Let b = -263 - -569. What is the greatest common divisor of 27 and b?
9
Suppose -5*v = -19 + 4. Suppose -9 = -0*x - v*x. Suppose -3*s - 9 = 0, -x*s = -3*m - 0*s + 165. What is the highest common divisor of m and 78?
26
Let z(l) = 3*l**2 - 73. Let h be z(9). Calculate the highest common factor of h and 30.
10
Suppose 4 + 0 = -2*o. Let u be ((-16)/24)/(o/42). Let p be 3 + (-4 - -3)*1. Calculate the highest common divisor of p and u.
2
Suppose -5*q + 127 + 23 = 0. Let g(z) = z**2 + 9*z + 20. Let f be g(-7). Calculate the greatest common divisor of q and f.
6
Let k be 3/((-9)/3)*-6. Suppose -11*g + 634 = -224. What is the greatest common factor of g and k?
6
Let l = -20 + 36. Let j(z) be the third derivative of z**5/20 - 5*z**4/24 + 8*z**3/3 - 10*z**2. Let g be j(7). Calculate the greatest common factor of g and l.
16
Let v = -30 + 33. Suppose 4*u - 17 = i - 4, v*u - 2*i - 6 = 0. Calculate the highest common factor of u and 32.
4
Let a(r) = 64*r - 1. Let z be a(1). Let x = 5470 + -5428. Calculate the greatest common divisor of x and z.
21
Suppose -10*m + 9*m - 176 = 0. Let w = -116 - m. Calculate the greatest common factor of 15 and w.
15
Let l be (-5*1)/(5*1/(-55)). Let u be -35 + 37 + 0 + l + -1. Calculate the highest common factor of 140 and u.
28
Suppose 4*q = -4*k + 92, 0 = 5*q + 26*k - 25*k - 123. Suppose 2*h - h = 10. Calculate the greatest common divisor of h and q.
5
Suppose o + 2*r + 17 = 7*r, 5*o - 3*r - 3 = 0. Suppose 2*f = -o - 1, 2*m - f = 6. Calculate the highest common divisor of m and 6.
2
Suppose 4*b - 7 = -23. Let x be b/(-10) + 34/(-10). Let h(z) = 10*z**2 - 6. Let i be h(x). Calculate the greatest common factor of i and 12.
12
Let i be (-1)/(-16) - 2269993/(-3184). Calculate the highest common factor of 46 and i.
23
Suppose -57*n = -64*n + 3402. What is the highest common divisor of 9 and n?
9
Suppose -4*c - 2*q + 168 = -96, -c + 4*q + 48 = 0. Suppose 6*x - 51 = -3. What is the greatest common factor of x and c?
8
Let f be (4/(-2))/(-26 + 25). Suppose -o - 5*j + 37 = 0, -6 = -f*o + 2*j + 8. What is the greatest common divisor of 132 and o?
12
Let c be (69/4)/(-9*(-5)/3480). What is the greatest common factor of c and 29?
29
Let s(a) = -a**2 + 16*a - 25. Suppose -46*y + 50*y = 40. Let f be s(y). Calculate the highest common divisor of 5 and f.
5
Let n = 1 + 2. Let d(g) = 3*g**2 + 7*g + 3. Suppose 0 = 14*t - 4*t + 30. Let f be d(t). Calculate the highest common factor of f and n.
3
Let v be 32/32*((0 - 0) + -65). Let y = -56 - v. What is the highest common factor of y and 54?
9
Let f be 0 - 3/12 - 2015/52. Let i be (0 - (-6)/f) + 720/117. Calculate the greatest common divisor of i and 150.
6
Suppose 5*g + 3*v = 4, -4*v = 2*g - g + 6. Let l = -45 - -48. Let h = l - -5. Calculate the highest common divisor of g and h.
2
Let c be 7 + -5 - (2 - 1). Let x be 36/6*(1/2 + c). Let v = 7 - -11. What is the greatest common divisor of x and v?
9
Suppose 9*p = -5*t + 7*p + 130, -4*t + 3*p + 81 = 0. Suppose 0 = -5*s - 2*b + 172 - 48, 114 = 5*s - 3*b. Calculate the greatest common factor of t and s.
24
Let m(x) = -17*x - 5. Let w be m(-5). Suppose 5*o - 8 = 4*o. What is the highest common factor of o and w?
8
Suppose 0 = -3*l - 9, 2*l + 75 = -0*f + 3*f. Suppose 4*u = 4*w + 268, 67 = u - 0*u - 5*w. Let z = u + f. Calculate the greatest common divisor of z and 36.
18
Let f = 21 - 13. Let t = 35 + -5. Let b be f*-3*t/(-9). Calculate the highest common factor of 10 and b.
10
Sup